hat is -4163 (base 8) in base 6?
-14003
What is 1073 (base 8) in base 12?
3b7
Convert 363 (base 12) to base 8.
773
What is 13333213 (base 4) in base 6?
411331
What is 20220 (base 4) in base 10?
552
Convert -62507 (base 9) to base 14.
-11056
What is 681a (base 11) in base 4?
2030033
What is 2b28 (base 14) in base 6?
55320
Convert 379 (base 11) to base 2.
111000001
What is 1333131 (base 5) in base 12?
13963
What is -212 (base 9) in base 14?
-c5
What is -1211010121 (base 3) in base 8?
-105752
What is -a1c (base 14) in base 12?
-1196
-37 (base 8) to base 9
-34
-1381 (base 11) to base 6
-12131
-12330302 (base 4) to base 10
-28466
68 (base 9) to base 7
116
-8dd (base 15) to base 9
-2671
Convert -10223 (base 10) to base 5.
-311343
What is 892 (base 14) in base 11?
1302
What is 489 (base 11) in base 3?
210112
-1337 (base 11) to base 13
-a35
Convert -2d5 (base 16) to base 7.
-2054
-3234 (base 5) to base 3
-121110
608 (base 9) to base 4
13232
-102000 (base 4) to base 13
-6a8
1120 (base 11) to base 12
a2a
-6251 (base 11) to base 14
-303a
Convert 13045 (base 6) to base 11.
1534
39e (base 15) to base 3
1010112
What is 25ba (base 12) in base 13?
1c72
Convert -1002001221 (base 3) to base 12.
-10321
What is -101110100 (base 2) in base 11?
-309
Convert 2114330 (base 5) to base 14.
cd82
What is -12020 (base 3) in base 13?
-ab
-20153 (base 7) to base 6
-34345
What is 1143414 (base 5) in base 10?
21734
755 (base 15) to base 14
863
Convert 10110010 (base 2) to base 16.
b2
What is -644 (base 7) in base 16?
-146
Convert -222210 (base 3) to base 5.
-10343
What is -5152 (base 14) in base 6?
-144432
What is -16632 (base 10) in base 14?
-60c0
Convert 2550 (base 14) to base 7.
25030
Convert -10300 (base 4) to base 6.
-1224
Convert 1780 (base 10) to base 5.
24110
What is -141 (base 6) in base 14?
-45
Convert 1507 (base 11) to base 7.
5444
77257 (base 8) to base 3
1122111011
What is -12607 (base 10) in base 15?
-3b07
Convert -2433 (base 6) to base 8.
-1125
What is -a865 (base 13) in base 9?
-35085
Convert 95 (base 14) to base 15.
8b
1352 (base 8) to base 2
1011101010
Convert 13355 (base 6) to base 12.
125b
Convert -887 (base 15) to base 5.
-30202
What is -1a5b5 (base 12) in base 3?
-1222022202
-730 (base 9) to base 7
-1506
Convert 172 (base 14) to base 16.
128
Convert -100112000 (base 3) to base 10.
-6939
Convert 110010100000 (base 2) to base 3.
11102201
Convert 245 (base 13) to base 9.
478
-374 (base 13) to base 2
-1001011010
1001101110110 (base 2) to base 8
11566
Convert 159 (base 11) to base 4.
2321
What is -1001110000011 (base 2) in base 8?
-11603
Convert -111000011101 (base 2) to base 10.
-3613
-2541 (base 7) to base 15
-440
Convert -156 (base 7) to base 16.
-5a
Convert -5375 (base 8) to base 2.
-101011111101
20002120 (base 4) to base 14
bdd6
Convert -473 (base 13) to base 9.
-1045
What is 4b2 (base 15) in base 12?
74b
101102 (base 3) to base 7
551
Convert 165c8 (base 13) to base 16.
a700
-4923 (base 16) to base 5
-1044343
What is -22013 (base 4) in base 6?
-2555
What is -354 (base 11) in base 6?
-1542
6481 (base 9) to base 12
2917
What is -53c (base 15) in base 6?
-5250
Convert -10000110011110 (base 2) to base 11.
-6514
368 (base 12) to base 16
200
31645 (base 7) to base 13
3778
What is -14231 (base 10) in base 7?
-56330
What is -14614 (base 8) in base 3?
-22222020
-2 (base 5) to base 9
-2
What is 101201 (base 5) in base 14?
12bb
What is -21144 (base 5) in base 7?
-4103
219 (base 10) to base 7
432
What is 7800 (base 15) in base 9?
37780
Convert 113121 (base 5) to base 7.
15063
38b (base 16) to base 12
637
What is -31 (base 14) in base 16?
-2b
Convert 4b7 (base 16) to base 12.
847
Convert 10354 (base 6) to base 14.
74a
2505 (base 6) to base 13
386
What is 1044300 (base 5) in base 2?
100100100001100
What is 1220 (base 3) in base 9?
56
What is 16175 (base 9) in base 5?
323314
16664 (base 7) to base 10
4799
What is -40 (base 7) in base 14?
-20
32003323 (base 4) to base 16
e0fb
What is 28c (base 14) in base 12?
370
595a (base 11) to base 16
1e81
-41031 (base 5) to base 2
-101001010001
11001021 (base 3) to base 4
232012
What is 1424252 (base 6) in base 3?
11010112212
What is -25 (base 13) in base 8?
-37
Convert 1844 (base 9) to base 13.
850
What is 3ad (base 14) in base 12?
519
-4522 (base 7) to base 2
-11001100001
-9a3 (base 11) to base 5
-14302
-31a6 (base 11) to base 9
-5720
What is -5cd2 (base 14) in base 16?
-3f80
What is -1c7 (base 14) in base 6?
-1415
Convert 1010100011010101 (base 2) to base 16.
a8d5
What is 28773 (base 9) in base 8?
46203
What is -133320 (base 4) in base 7?
-5643
What is 201 (base 12) in base 3?
101201
-215b (base 12) to base 4
-321113
Convert -120102010 (base 3) to base 6.
-124003
2440 (base 7) to base 9
1221
Convert 10030020 (base 4) to base 3.
212112120
-507 (base 12) to base 10
-727
What is 31031 (base 5) in base 3?
2202200
45d1 (base 16) to base 4
10113101
4471 (base 11) to base 12
34a6
10101111111110 (base 2) to base 8
25776
Convert 7776 (base 10) to base 11.
592a
What is -20376 (base 13) in base 2?
-1110000101111110
Convert 16331 (base 8) to base 13.
3491
-121102 (base 3) to base 7
-1202
What is 3370 (base 9) in base 3?
10102100
What is 12212030 (base 4) in base 2?
110100110001100
1211111 (base 3) to base 5
20321
Convert -258 (base 10) to base 15.
-123
What is 1022103 (base 6) in base 11?
3439a
Convert -135200 (base 6) to base 10.
-12816
What is 8b2 (base 15) in base 13?
b84
-34a (base 15) to base 13
-454
What is 337 (base 8) in base 10?
223
Convert 1601 (base 7) to base 3.
212122
What is -1a839 (base 13) in base 5?
-3130211
Convert 487 (base 10) to base 7.
1264
What is 133 (base 16) in base 9?
371
1b46 (base 12) to base 13
16bc
What is -244520 (base 6) in base 13?
-9bc4
-129 (base 13) to base 5
-1304
What is -101202 (base 3) in base 14?
-16a
-3ab (base 13) to base 8
-1210
-1034 (base 16) to base 14
-1724
c39 (base 14) to base 2
100101100011
What is 24d4 (base 15) in base 6?
100201
1001011111100110 (base 2) to base 15
b7c6
Convert -27ba (base 15) to base 16.
-2134
3031024 (base 5) to base 9
74051
-9f5 (base 16) to base 3
-10111102
15aa (base 13) to base 14
1234
307a (base 14) to base 6
102340
-121165 (base 8) to base 6
-520313
What is 2110 (base 6) in base 10?
474
9727 (base 12) to base 16
40cf
-8d6 (base 15) to base 11
-155a
Convert -691 (base 11) to base 14.
-430
Convert 316 (base 16) to base 8.
1426
-313323 (base 5) to base 4
-2203133
What is -9a3 (base 13) in base 10?
-1654
Convert 154 (base 13) to base 11.
1a7
-2a8 (base 13) to base 4
-13130
Convert 457 (base 16) to base 15.
4e1
Convert 483 (base 12) to base 7.
1653
What is 2030022 (base 4) in base 14?
33aa
-177 (base 10) to base 15
-bc
What is -15233 (base 7) in base 12?
-2552
What is -d23b (base 15) in base 3?
-2020212202
-433a9 (base 11) to base 5
-4004124
What is -12323 (base 4) in base 14?
-239
-242 (base 7) to base 9
-152
Convert -11777 (base 8) to base 4.
-1033333
What is 3532 (base 9) in base 3?
10121002
What is 130555 (base 6) in base 15?
37be
What is 1344 (base 7) in base 15?
24c
Convert 13d7 (base 14) to base 9.
4742
Convert 244c (base 14) to base 12.
3804
-4000 (base 14) to base 4
-2223200
6b6 (base 15) to base 6
11013
Convert -66 (base 13) to base 7.
-150
Convert -58041 (base 10) to base 12.
-29709
13000 (base 5) to base 9
1331
Convert 54 (base 14) to base 16.
4a
What is d666 (base 14) in base 7?
212456
What is 63550 (base 7) in base 16?
3d63
What is 110101111011111 (base 2) in base 11?
19825
What is 34354 (base 6) in base 9?
6637
201 (base 12) to base 15
144
Convert -24c (base 16) to base 3.
-210210
Convert 3052 (base 6) to base 15.
305
Convert -1020 (base 7) to base 3.
-111020
Convert -101221221 (base 3) to base 2.
-1111100110110
What is 13180 (base 10) in base 3?
200002011
4b13 (base 14) to base 2
11001101011101
Convert 11542 (base 6) to base 10.
1718
Convert -494 (base 15) to base 4.
-100033
What is 214 (base 12) in base 7?
613
-418 (base 9) to base 7
-665
What is -2220121020 (base 3) in base 7?
-326025
Convert -101101000 (base 2) to base 11.
-2a8
What is -950 (base 12) in base 7?
-3645
What is 2265 (base 15) in base 4?
1301333
What is -2201112 (base 3) in base 7?
-5534
-1981 (base 12) to base 6
-22241
113183 (base 9) to base 12
333a9
What is -31a53 (base 11) in b